e the highest common factor of p and 14.
14
Let d = 9 - 5. Suppose -a - 1 + 10 = 4*g, 0 = -4*a + d. Suppose 350 = g*c + 3*c. Calculate the greatest common factor of c and 14.
14
Suppose x = 2*x - 3. Suppose 15 = 5*y + 3*i, -4*y + 0*i + x*i = 15. Let c be (-1 - y)*(-1 + -1). Calculate the highest common divisor of c and 22.
2
Let x = -4 + 43. What is the greatest common factor of x and 39?
39
Let w(p) = -p**2 + 29*p - 36. Let i be w(17). What is the greatest common factor of 24 and i?
24
Suppose -5*u + 49 = -4*q + 2, 2*u + 3*q = 5. Suppose -u*z + 11*z - 12 = 0. Calculate the greatest common divisor of 15 and z.
3
Let j(x) = -4*x + 6. Let g(p) = p - 1. Let d(n) = -5*g(n) - j(n). Let h be d(-4). Calculate the highest common divisor of h and 15.
3
Suppose -3*n + 8*m + 19 = 4*m, 0 = 3*n + 4*m - 11. Suppose -3*j + 5 = -8*j. Let g be j + 0 + 1*n. Calculate the highest common divisor of g and 32.
4
Let r(n) = n**3 + 1 - 3*n**2 + 2*n - 4 + 1 - 1. Let u be r(3). Calculate the highest common divisor of 21 and u.
3
Let p(f) = -f**3 + 13*f**2 + 20*f - 9. Let j be p(14). Calculate the highest common factor of j and 30.
15
Let z = -102 - -59. Let s = -15 - z. Calculate the highest common divisor of 4 and s.
4
Let v(a) = a**2 - a - 2. Let c be v(0). Let k be 4/c*(-234)/4. What is the greatest common factor of 13 and k?
13
Let l = 6 + -3. Suppose 61 = g + l*x - 179, 960 = 4*g - 4*x. What is the greatest common factor of 30 and g?
30
Let b = -16 - -34. Calculate the highest common divisor of b and 2.
2
Let y be 3 + -1 - (-4 - 2/(-1)). What is the highest common factor of 1 and y?
1
Let w be (-1)/(-3) + (-82)/(-6). Suppose 20 = 4*o + 4. Suppose o*f - 8 = 48. What is the highest common divisor of w and f?
14
Suppose 9 = -b - 5. Let c be (8/b)/((-2)/7). Suppose h - z = 4, h - 16 = -c*h + 2*z. Calculate the greatest common factor of 88 and h.
8
Let u be (0 - 10)*12/(-10). Suppose 39 - 9 = 10*d. What is the greatest common divisor of u and d?
3
Let r = 13 - 11. Suppose r*o + 4*t - 123 = 3*t, 15 = -5*t. What is the highest common factor of o and 42?
21
Suppose -2*h = -3*s - 0*s + 9, 3*s + 5*h = 30. Let n(a) = 2*a - 4. Let w be n(3). Calculate the greatest common factor of s and w.
1
Let h = -3 - 10. Let f = 23 - h. What is the greatest common divisor of 24 and f?
12
Suppose 2*a + a - 29 = 5*b, -3*b + 45 = 3*a. Calculate the highest common divisor of 143 and a.
13
Suppose 8*z - 6*z - 168 = 0. What is the highest common divisor of z and 28?
28
Let m(t) = t**3 - 5*t**2 + 2*t - 7. Let p be m(5). Let g be (2/p)/(2/6). Suppose -g*o + 81 = -15. What is the greatest common factor of o and 12?
12
Let x = -153 - -258. Calculate the highest common divisor of x and 21.
21
Let i = 5 - -13. Calculate the highest common factor of i and 9.
9
Suppose -2*a + 10 = 0, -5*g + a = -4*a - 230. What is the greatest common divisor of 17 and g?
17
Let n = -10 - 18. Let v = -13 - n. Calculate the greatest common factor of v and 15.
15
Let p(q) = q**3 - 3*q**2 - 4*q + 2. Let k be p(4). Suppose -k*t = 3*t - 15. Calculate the greatest common factor of t and 3.
3
Let f be (8*(-4)/(-8))/(-1). Let z be (f/4)/(2/(-22)). Let p be 23/2 - (-1)/(-2). What is the highest common divisor of p and z?
11
Let v be (-45 + (-2)/(-2))*(43 + -49). What is the greatest common factor of 24 and v?
24
Suppose -5*z = -11 - 9. Let p be z/24*2*57. Calculate the greatest common factor of p and 152.
19
Let n = 18 + -16. Let y(s) = -4*s**3 - s**2 + s + 1. Let j be y(-1). Suppose -q + 12 = j*q. Calculate the highest common divisor of n and q.
1
Suppose 2*i - 849 = n, i - 2*i + n = -425. Suppose 4*t - 2*t - 228 = 2*j, -4*j + i = 4*t. What is the greatest common factor of t and 10?
10
Let b(f) = -f**3 - 10*f**2 + 10*f - 7. Let s be b(-11). Calculate the greatest common factor of 52 and s.
4
Let j(h) = 3*h - 22. Let u be j(10). Calculate the highest common factor of 64 and u.
8
Let w be 5 + -3 - 4/(-2). Suppose -w*q = 2*v - 32, -6*v + 24 = 2*q - 3*v. Calculate the greatest common factor of q and 2.
2
Let j(v) = 2*v - 2. Let m be j(4). Let o(y) = y**3 + 10*y**2 - 9*y + 26. Let t be o(-11). What is the highest common factor of t and m?
2
Let z(q) = q**3 + 3*q**2 - q + 2. Let s be z(-3). What is the greatest common divisor of 25 and s?
5
Let k(l) = -l**2 + 15*l - 19. Let y be k(13). What is the highest common divisor of 56 and y?
7
Suppose q = -i + 2*i + 1, -3*i = 5*q - 29. Let j = 0 - 2. Let c be j + 33 + -1 - 0. Calculate the highest common factor of i and c.
3
Suppose -2*q + 4 = -22. What is the highest common divisor of q and 52?
13
Let y(w) = 2*w**2 - 5*w + 7. Let i be y(7). Calculate the greatest common divisor of 14 and i.
14
Suppose 8*r - 3*r = 0. Suppose -4 = -r*w - w. Calculate the greatest common divisor of 20 and w.
4
Suppose -2*z = -4*v + 20, -3*v + 2 = -v - 3*z. Calculate the highest common factor of 49 and v.
7
Suppose -10*g = -18*g + 1296. Calculate the greatest common divisor of 18 and g.
18
Let v be -2*275/20*-1*2. Calculate the greatest common divisor of v and 11.
11
Suppose 4*h + 85 = 9*h. Suppose 5*y - 2*u - 688 = 0, -201 = -2*y - 2*u + 63. What is the highest common divisor of y and h?
17
Let d(b) = 4*b - 16. Let j be d(6). Let w(h) = 32*h**2 + h - 1. Let u be w(1). Calculate the greatest common divisor of j and u.
8
Let u be 1/((-1)/(-58)) + -1. Let x = u + -21. Calculate the greatest common factor of x and 90.
18
Let d(u) = u**2 + 2*u - 17. Let m be d(-16). What is the highest common factor of 23 and m?
23
Suppose 14*c = 15*c - 105. Calculate the highest common divisor of c and 21.
21
Let z be (1*16)/(4/18). Suppose 0 = -3*f + 75 + 24. Suppose -f = -5*u + 7. What is the greatest common factor of z and u?
8
Let p = 13 - 10. Let y be 2*(369/p - 2). What is the highest common factor of y and 22?
22
Let b = 0 + -5. Let x(f) = f**2 + 2*f - 3. Let i be x(b). Suppose -2 + 17 = 3*g, 4*v - g = 3. What is the greatest common factor of v and i?
2
Suppose 3*y - 7*y + 1208 = 0. Suppose -4*q + 50 = -y. Calculate the greatest common divisor of 8 and q.
8
Suppose 4*n + 16 = 0, l - 5*l + 3*n = -8. Let a(w) = 58*w - 1. Let x be a(l). Let f = x - -82. Calculate the highest common factor of 23 and f.
23
Let c be 12/(-9)*(-36)/8. What is the greatest common divisor of 48 and c?
6
Suppose -2*w = -m + 2*w - 17, 0 = -2*m - w - 34. Let z = 4 - m. Suppose 18 = 3*x - z. Calculate the highest common divisor of x and 104.
13
Let s(p) = -p**3 - 13*p**2 + 28*p + 5. Let n be s(-15). What is the greatest common factor of 7 and n?
7
Suppose 0 = 2*t + 3*t - 10. Suppose -t*k + d = -0*k - 47, -4*d - 78 = -3*k. Let n be -1 + k - 0/(-2). Calculate the greatest common divisor of 3 and n.
3
Suppose -10 = 5*d - 100. Calculate the greatest common divisor of d and 45.
9
Let w be (-3 - -8 - 3) + 1. Suppose 60 = w*f + f. What is the greatest common divisor of 3 and f?
3
Let n(k) = 11*k. Let h be n(2). Suppose 2*g + 3 - h = -3*i, i - 23 = -4*g. Let c be (2/(-6))/(5/(-45)). What is the greatest common factor of c and i?
3
Suppose 0*z - z = -7. Let d = 11 - z. Let b = 26 + d. Calculate the greatest common factor of 10 and b.
10
Let s(r) = 5*r**2 - r + 1. Let q be s(1). Suppose 8 = 4*y, 4*x + 2*y = y + 10. Suppose -x + 22 = 4*p. Calculate the highest common factor of q and p.
5
Suppose g - 20 = -0*g. What is the highest common factor of 100 and g?
20
Let z(l) = 8*l + 4. Let t = -4 - -14. Let u be z(t). What is the greatest common divisor of u and 12?
12
Let s = 1 - 1. Suppose s = 2*c - 5*g - 102, -10 = -4*g - 2. Let i(h) = -3*h - 7. Let r be i(-7). What is the highest common factor of c and r?
14
Let y = 9 - 6. Let w = 351 - 333. Calculate the greatest common factor of y and w.
3
Let u(z) = -z + 9. Suppose 3*j = -2 + 20. Let n be u(j). Suppose c - 3*v = -13, -c + 2 = 3*v - 15. Calculate the highest common divisor of c and n.
1
Let p(j) be the third derivative of j**4/8 - 5*j**3/3 - 3*j**2. Let z be p(8). What is the greatest common divisor of 14 and z?
14
Let b be 1/(-1)*(2 + -4). Let f(q) = -q - 3. Let d be f(-6). Suppose -d*k - k + h = -89, 2*k - 4*h = 48. What is the highest common divisor of k and b?
2
Suppose 0 = 3*f - 25 - 83. Suppose 4*a - 22 = -2*x, 0 = -3*a + 5*x + 3 - 6. What is the greatest common factor of a and f?
4
Suppose u - 5*q - 14 =